{"version":"1.0","provider_name":"ViaCarpatia","provider_url":"https:\/\/viacarpatia.eu\/hu\/","author_name":"promiseo","author_url":"https:\/\/viacarpatia.eu\/hu\/author\/promiseo\/","title":"Via Carpatia EGTC alkalmazottai oktat\u00e1si tanfolyamokon vettek r\u00e9szt - ViaCarpatia","type":"rich","width":600,"height":338,"html":"<blockquote class=\"wp-embedded-content\" data-secret=\"bjtTG68ozj\"><a href=\"https:\/\/viacarpatia.eu\/hu\/skolenia-v-ramci-projektu-ett-18\/\">Via Carpatia EGTC alkalmazottai oktat\u00e1si tanfolyamokon vettek r\u00e9szt<\/a><\/blockquote><iframe sandbox=\"allow-scripts\" security=\"restricted\" src=\"https:\/\/viacarpatia.eu\/hu\/skolenia-v-ramci-projektu-ett-18\/embed\/#?secret=bjtTG68ozj\" width=\"600\" height=\"338\" title=\"&#8220;Via Carpatia EGTC alkalmazottai oktat\u00e1si tanfolyamokon vettek r\u00e9szt&#8221; &#8212; ViaCarpatia\" data-secret=\"bjtTG68ozj\" frameborder=\"0\" marginwidth=\"0\" marginheight=\"0\" scrolling=\"no\" class=\"wp-embedded-content\"><\/iframe><script type=\"text\/javascript\">\n\/* <![CDATA[ *\/\n\/*! This file is auto-generated *\/\n!function(d,l){\"use strict\";l.querySelector&&d.addEventListener&&\"undefined\"!=typeof URL&&(d.wp=d.wp||{},d.wp.receiveEmbedMessage||(d.wp.receiveEmbedMessage=function(e){var t=e.data;if((t||t.secret||t.message||t.value)&&!\/[^a-zA-Z0-9]\/.test(t.secret)){for(var s,r,n,a=l.querySelectorAll('iframe[data-secret=\"'+t.secret+'\"]'),o=l.querySelectorAll('blockquote[data-secret=\"'+t.secret+'\"]'),c=new RegExp(\"^https?:$\",\"i\"),i=0;i<o.length;i++)o[i].style.display=\"none\";for(i=0;i<a.length;i++)s=a[i],e.source===s.contentWindow&&(s.removeAttribute(\"style\"),\"height\"===t.message?(1e3<(r=parseInt(t.value,10))?r=1e3:~~r<200&&(r=200),s.height=r):\"link\"===t.message&&(r=new URL(s.getAttribute(\"src\")),n=new URL(t.value),c.test(n.protocol))&&n.host===r.host&&l.activeElement===s&&(d.top.location.href=t.value))}},d.addEventListener(\"message\",d.wp.receiveEmbedMessage,!1),l.addEventListener(\"DOMContentLoaded\",function(){for(var e,t,s=l.querySelectorAll(\"iframe.wp-embedded-content\"),r=0;r<s.length;r++)(t=(e=s[r]).getAttribute(\"data-secret\"))||(t=Math.random().toString(36).substring(2,12),e.src+=\"#?secret=\"+t,e.setAttribute(\"data-secret\",t)),e.contentWindow.postMessage({message:\"ready\",secret:t},\"*\")},!1)))}(window,document);\n\/\/# sourceURL=https:\/\/viacarpatia.eu\/wp-includes\/js\/wp-embed.min.js\n\/* ]]> *\/\n<\/script>\n","thumbnail_url":"https:\/\/viacarpatia.eu\/wp-content\/uploads\/2023\/04\/5efae06b5c1510f54834652c.jpg","thumbnail_width":766,"thumbnail_height":480,"description":"A Via Carpatia EGTC alkalmazottai 2018. okt\u00f3ber \u00e9s 2019. febru\u00e1r h\u00f3napok k\u00f6z\u00f6tt k\u00fcl\u00f6nf\u00e9le oktat\u00e1si tanfolyamokon vettek r\u00e9szt. Az egyes k\u00e9pz\u00e9sek a K\u00fclgazdas\u00e1gi \u00e9s K\u00fcl\u00fcgyminiszt\u00e9rium \u00e1ltal t\u00e1mogatott \u201eTud\u00e1sfejleszt\u00e9s a hozz\u00e1adott \u00e9rt\u00e9kek n\u00f6vel\u00e9se \u00e9rdek\u00e9ben\u201c c. p\u00e1ly\u00e1zat keret\u00e9ben val\u00f3sultak meg. A projekt sor\u00e1n az al\u00e1bbi tanfolyamok ker\u00fcltek megrendez\u00e9sre: magyar nyelvtanfolyam, angol nyelvtanfolyam, PRINCE2 projektir\u00e1ny\u00edt\u00e1si tanfolyam \u00e9s protokoll \u00e9s [&hellip;]"}

Via Carpatia EGTC alkalmazottai oktatási tanfolyamokon vettek részt - ViaCarpatia

<blockquote class="wp-embedded-content" data-secret="bjtTG68ozj"><a href="https://viacarpatia.eu/hu/skolenia-v-ramci-projektu-ett-18/">Via Carpatia EGTC alkalmazottai oktatási tanfolyamokon vettek részt</a></blockquote><iframe sandbox="allow-scripts" security="restricted" src="https://viacarpatia.eu/hu/skolenia-v-ramci-projektu-ett-18/embed/#?secret=bjtTG68ozj" width="600" height="338" title="&#8220;Via Carpatia EGTC alkalmazottai oktatási tanfolyamokon vettek részt&#8221; &#8212; ViaCarpatia" data-secret="bjtTG68ozj" frameborder="0" marginwidth="0" marginheight="0" scrolling="no" class="wp-embedded-content"></iframe><script type="text/javascript">
/* <![CDATA[ */
/*! This file is auto-generated */
!function(d,l){"use strict";l.querySelector&&d.addEventListener&&"undefined"!=typeof URL&&(d.wp=d.wp||{},d.wp.receiveEmbedMessage||(d.wp.receiveEmbedMessage=function(e){var t=e.data;if((t||t.secret||t.message||t.value)&&!/[^a-zA-Z0-9]/.test(t.secret)){for(var s,r,n,a=l.querySelectorAll('iframe[data-secret="'+t.secret+'"]'),o=l.querySelectorAll('blockquote[data-secret="'+t.secret+'"]'),c=new RegExp("^https?:$","i"),i=0;i<o.length;i++)o[i].style.display="none";for(i=0;i<a.length;i++)s=a[i],e.source===s.contentWindow&&(s.removeAttribute("style"),"height"===t.message?(1e3<(r=parseInt(t.value,10))?r=1e3:~~r<200&&(r=200),s.height=r):"link"===t.message&&(r=new URL(s.getAttribute("src")),n=new URL(t.value),c.test(n.protocol))&&n.host===r.host&&l.activeElement===s&&(d.top.location.href=t.value))}},d.addEventListener("message",d.wp.receiveEmbedMessage,!1),l.addEventListener("DOMContentLoaded",function(){for(var e,t,s=l.querySelectorAll("iframe.wp-embedded-content"),r=0;r<s.length;r++)(t=(e=s[r]).getAttribute("data-secret"))||(t=Math.random().toString(36).substring(2,12),e.src+="#?secret="+t,e.setAttribute("data-secret",t)),e.contentWindow.postMessage({message:"ready",secret:t},"*")},!1)))}(window,document);
//# sourceURL=https://viacarpatia.eu/wp-includes/js/wp-embed.min.js
/* ]]> */
</script>

A Via Carpatia EGTC alkalmazottai 2018. október és 2019. február hónapok között különféle oktatási tanfolyamokon vettek részt. Az egyes képzések a Külgazdasági és Külügyminisztérium által támogatott „Tudásfejlesztés a hozzáadott értékek növelése érdekében“ c. pályázat keretében valósultak meg. A projekt során az alábbi tanfolyamok kerültek megrendezésre: magyar nyelvtanfolyam, angol nyelvtanfolyam, PRINCE2 projektirányítási tanfolyam és protokoll és [&hellip;]
