{"id":6961,"date":"2023-04-25T13:47:07","date_gmt":"2023-04-25T11:47:07","guid":{"rendered":"https:\/\/viacarpatia.eu\/gallery\/three-seas-iniciative-forum-of-regions-podkarpackie-03-07-2018\/"},"modified":"2023-05-16T13:27:37","modified_gmt":"2023-05-16T11:27:37","slug":"three-seas-iniciative-forum-of-regions-podkarpackie-03-07-2018","status":"publish","type":"gallery","link":"https:\/\/viacarpatia.eu\/hu\/gallery\/three-seas-iniciative-forum-of-regions-podkarpackie-03-07-2018\/","title":{"rendered":"Three Seas Iniciative &#8211; Forum of Regions Podkarpackie 2018.07.03."},"featured_media":6133,"template":"","class_list":["post-6961","gallery","type-gallery","status-publish","has-post-thumbnail","hentry"],"acf":[],"yoast_head":"<!-- This site is optimized with the Yoast SEO plugin v27.5 - https:\/\/yoast.com\/product\/yoast-seo-wordpress\/ -->\n<title>Three Seas Iniciative - Forum of Regions Podkarpackie 2018.07.03. - ViaCarpatia<\/title>\n<meta name=\"robots\" content=\"index, follow, max-snippet:-1, max-image-preview:large, max-video-preview:-1\" \/>\n<link rel=\"canonical\" href=\"https:\/\/viacarpatia.eu\/hu\/gallery\/three-seas-iniciative-forum-of-regions-podkarpackie-03-07-2018\/\" \/>\n<meta property=\"og:locale\" content=\"hu_HU\" \/>\n<meta property=\"og:type\" content=\"article\" \/>\n<meta property=\"og:title\" content=\"Three Seas Iniciative - Forum of Regions Podkarpackie 2018.07.03. - ViaCarpatia\" \/>\n<meta property=\"og:url\" content=\"https:\/\/viacarpatia.eu\/hu\/gallery\/three-seas-iniciative-forum-of-regions-podkarpackie-03-07-2018\/\" \/>\n<meta property=\"og:site_name\" content=\"ViaCarpatia\" \/>\n<meta property=\"article:modified_time\" content=\"2023-05-16T11:27:37+00:00\" \/>\n<meta property=\"og:image\" content=\"https:\/\/viacarpatia.eu\/wp-content\/uploads\/2023\/04\/Gallery66-1.jpg\" \/>\n\t<meta property=\"og:image:width\" content=\"720\" \/>\n\t<meta property=\"og:image:height\" content=\"960\" \/>\n\t<meta property=\"og:image:type\" content=\"image\/jpeg\" \/>\n<meta name=\"twitter:card\" content=\"summary_large_image\" \/>\n<script type=\"application\/ld+json\" class=\"yoast-schema-graph\">{\"@context\":\"https:\\\/\\\/schema.org\",\"@graph\":[{\"@type\":\"WebPage\",\"@id\":\"https:\\\/\\\/viacarpatia.eu\\\/hu\\\/gallery\\\/three-seas-iniciative-forum-of-regions-podkarpackie-03-07-2018\\\/\",\"url\":\"https:\\\/\\\/viacarpatia.eu\\\/hu\\\/gallery\\\/three-seas-iniciative-forum-of-regions-podkarpackie-03-07-2018\\\/\",\"name\":\"Three Seas Iniciative - Forum of Regions Podkarpackie 2018.07.03. - ViaCarpatia\",\"isPartOf\":{\"@id\":\"https:\\\/\\\/viacarpatia.eu\\\/#website\"},\"primaryImageOfPage\":{\"@id\":\"https:\\\/\\\/viacarpatia.eu\\\/hu\\\/gallery\\\/three-seas-iniciative-forum-of-regions-podkarpackie-03-07-2018\\\/#primaryimage\"},\"image\":{\"@id\":\"https:\\\/\\\/viacarpatia.eu\\\/hu\\\/gallery\\\/three-seas-iniciative-forum-of-regions-podkarpackie-03-07-2018\\\/#primaryimage\"},\"thumbnailUrl\":\"https:\\\/\\\/viacarpatia.eu\\\/wp-content\\\/uploads\\\/2023\\\/04\\\/Gallery66-1.jpg\",\"datePublished\":\"2023-04-25T11:47:07+00:00\",\"dateModified\":\"2023-05-16T11:27:37+00:00\",\"breadcrumb\":{\"@id\":\"https:\\\/\\\/viacarpatia.eu\\\/hu\\\/gallery\\\/three-seas-iniciative-forum-of-regions-podkarpackie-03-07-2018\\\/#breadcrumb\"},\"inLanguage\":\"hu\",\"potentialAction\":[{\"@type\":\"ReadAction\",\"target\":[\"https:\\\/\\\/viacarpatia.eu\\\/hu\\\/gallery\\\/three-seas-iniciative-forum-of-regions-podkarpackie-03-07-2018\\\/\"]}]},{\"@type\":\"ImageObject\",\"inLanguage\":\"hu\",\"@id\":\"https:\\\/\\\/viacarpatia.eu\\\/hu\\\/gallery\\\/three-seas-iniciative-forum-of-regions-podkarpackie-03-07-2018\\\/#primaryimage\",\"url\":\"https:\\\/\\\/viacarpatia.eu\\\/wp-content\\\/uploads\\\/2023\\\/04\\\/Gallery66-1.jpg\",\"contentUrl\":\"https:\\\/\\\/viacarpatia.eu\\\/wp-content\\\/uploads\\\/2023\\\/04\\\/Gallery66-1.jpg\",\"width\":720,\"height\":960},{\"@type\":\"BreadcrumbList\",\"@id\":\"https:\\\/\\\/viacarpatia.eu\\\/hu\\\/gallery\\\/three-seas-iniciative-forum-of-regions-podkarpackie-03-07-2018\\\/#breadcrumb\",\"itemListElement\":[{\"@type\":\"ListItem\",\"position\":1,\"name\":\"Home\",\"item\":\"https:\\\/\\\/viacarpatia.eu\\\/\"},{\"@type\":\"ListItem\",\"position\":2,\"name\":\"Three Seas Iniciative &#8211; Forum of Regions Podkarpackie 2018.07.03.\"}]},{\"@type\":\"WebSite\",\"@id\":\"https:\\\/\\\/viacarpatia.eu\\\/#website\",\"url\":\"https:\\\/\\\/viacarpatia.eu\\\/\",\"name\":\"ViaCarpatia\",\"description\":\"Sp\u00e1jame historick\u00e9 a kult\u00farno-jazykov\u00e9 trad\u00edcie\",\"alternateName\":\"ViaCarpatia\",\"potentialAction\":[{\"@type\":\"SearchAction\",\"target\":{\"@type\":\"EntryPoint\",\"urlTemplate\":\"https:\\\/\\\/viacarpatia.eu\\\/?s={search_term_string}\"},\"query-input\":{\"@type\":\"PropertyValueSpecification\",\"valueRequired\":true,\"valueName\":\"search_term_string\"}}],\"inLanguage\":\"hu\"}]}<\/script>\n<!-- \/ Yoast SEO plugin. -->","yoast_head_json":{"title":"Three Seas Iniciative - Forum of Regions Podkarpackie 2018.07.03. - ViaCarpatia","robots":{"index":"index","follow":"follow","max-snippet":"max-snippet:-1","max-image-preview":"max-image-preview:large","max-video-preview":"max-video-preview:-1"},"canonical":"https:\/\/viacarpatia.eu\/hu\/gallery\/three-seas-iniciative-forum-of-regions-podkarpackie-03-07-2018\/","og_locale":"hu_HU","og_type":"article","og_title":"Three Seas Iniciative - Forum of Regions Podkarpackie 2018.07.03. - ViaCarpatia","og_url":"https:\/\/viacarpatia.eu\/hu\/gallery\/three-seas-iniciative-forum-of-regions-podkarpackie-03-07-2018\/","og_site_name":"ViaCarpatia","article_modified_time":"2023-05-16T11:27:37+00:00","og_image":[{"width":720,"height":960,"url":"https:\/\/viacarpatia.eu\/wp-content\/uploads\/2023\/04\/Gallery66-1.jpg","type":"image\/jpeg"}],"twitter_card":"summary_large_image","schema":{"@context":"https:\/\/schema.org","@graph":[{"@type":"WebPage","@id":"https:\/\/viacarpatia.eu\/hu\/gallery\/three-seas-iniciative-forum-of-regions-podkarpackie-03-07-2018\/","url":"https:\/\/viacarpatia.eu\/hu\/gallery\/three-seas-iniciative-forum-of-regions-podkarpackie-03-07-2018\/","name":"Three Seas Iniciative - Forum of Regions Podkarpackie 2018.07.03. - ViaCarpatia","isPartOf":{"@id":"https:\/\/viacarpatia.eu\/#website"},"primaryImageOfPage":{"@id":"https:\/\/viacarpatia.eu\/hu\/gallery\/three-seas-iniciative-forum-of-regions-podkarpackie-03-07-2018\/#primaryimage"},"image":{"@id":"https:\/\/viacarpatia.eu\/hu\/gallery\/three-seas-iniciative-forum-of-regions-podkarpackie-03-07-2018\/#primaryimage"},"thumbnailUrl":"https:\/\/viacarpatia.eu\/wp-content\/uploads\/2023\/04\/Gallery66-1.jpg","datePublished":"2023-04-25T11:47:07+00:00","dateModified":"2023-05-16T11:27:37+00:00","breadcrumb":{"@id":"https:\/\/viacarpatia.eu\/hu\/gallery\/three-seas-iniciative-forum-of-regions-podkarpackie-03-07-2018\/#breadcrumb"},"inLanguage":"hu","potentialAction":[{"@type":"ReadAction","target":["https:\/\/viacarpatia.eu\/hu\/gallery\/three-seas-iniciative-forum-of-regions-podkarpackie-03-07-2018\/"]}]},{"@type":"ImageObject","inLanguage":"hu","@id":"https:\/\/viacarpatia.eu\/hu\/gallery\/three-seas-iniciative-forum-of-regions-podkarpackie-03-07-2018\/#primaryimage","url":"https:\/\/viacarpatia.eu\/wp-content\/uploads\/2023\/04\/Gallery66-1.jpg","contentUrl":"https:\/\/viacarpatia.eu\/wp-content\/uploads\/2023\/04\/Gallery66-1.jpg","width":720,"height":960},{"@type":"BreadcrumbList","@id":"https:\/\/viacarpatia.eu\/hu\/gallery\/three-seas-iniciative-forum-of-regions-podkarpackie-03-07-2018\/#breadcrumb","itemListElement":[{"@type":"ListItem","position":1,"name":"Home","item":"https:\/\/viacarpatia.eu\/"},{"@type":"ListItem","position":2,"name":"Three Seas Iniciative &#8211; Forum of Regions Podkarpackie 2018.07.03."}]},{"@type":"WebSite","@id":"https:\/\/viacarpatia.eu\/#website","url":"https:\/\/viacarpatia.eu\/","name":"ViaCarpatia","description":"Sp\u00e1jame historick\u00e9 a kult\u00farno-jazykov\u00e9 trad\u00edcie","alternateName":"ViaCarpatia","potentialAction":[{"@type":"SearchAction","target":{"@type":"EntryPoint","urlTemplate":"https:\/\/viacarpatia.eu\/?s={search_term_string}"},"query-input":{"@type":"PropertyValueSpecification","valueRequired":true,"valueName":"search_term_string"}}],"inLanguage":"hu"}]}},"_links":{"self":[{"href":"https:\/\/viacarpatia.eu\/hu\/wp-json\/wp\/v2\/gallery\/6961","targetHints":{"allow":["GET"]}}],"collection":[{"href":"https:\/\/viacarpatia.eu\/hu\/wp-json\/wp\/v2\/gallery"}],"about":[{"href":"https:\/\/viacarpatia.eu\/hu\/wp-json\/wp\/v2\/types\/gallery"}],"wp:featuredmedia":[{"embeddable":true,"href":"https:\/\/viacarpatia.eu\/hu\/wp-json\/wp\/v2\/media\/6133"}],"wp:attachment":[{"href":"https:\/\/viacarpatia.eu\/hu\/wp-json\/wp\/v2\/media?parent=6961"}],"curies":[{"name":"wp","href":"https:\/\/api.w.org\/{rel}","templated":true}]}}

<!-- This site is optimized with the Yoast SEO plugin v27.5 - https://yoast.com/product/yoast-seo-wordpress/ -->
<title>Three Seas Iniciative - Forum of Regions Podkarpackie 2018.07.03. - ViaCarpatia</title>
<meta name="robots" content="index, follow, max-snippet:-1, max-image-preview:large, max-video-preview:-1" />
<link rel="canonical" href="https://viacarpatia.eu/hu/gallery/three-seas-iniciative-forum-of-regions-podkarpackie-03-07-2018/" />
<meta property="og:locale" content="hu_HU" />
<meta property="og:type" content="article" />
<meta property="og:title" content="Three Seas Iniciative - Forum of Regions Podkarpackie 2018.07.03. - ViaCarpatia" />
<meta property="og:url" content="https://viacarpatia.eu/hu/gallery/three-seas-iniciative-forum-of-regions-podkarpackie-03-07-2018/" />
<meta property="og:site_name" content="ViaCarpatia" />
<meta property="article:modified_time" content="2023-05-16T11:27:37+00:00" />
<meta property="og:image" content="https://viacarpatia.eu/wp-content/uploads/2023/04/Gallery66-1.jpg" />
	<meta property="og:image:width" content="720" />
	<meta property="og:image:height" content="960" />
	<meta property="og:image:type" content="image/jpeg" />
<meta name="twitter:card" content="summary_large_image" />
<script type="application/ld+json" class="yoast-schema-graph">{"@context":"https:\/\/schema.org","@graph":[{"@type":"WebPage","@id":"https:\/\/viacarpatia.eu\/hu\/gallery\/three-seas-iniciative-forum-of-regions-podkarpackie-03-07-2018\/","url":"https:\/\/viacarpatia.eu\/hu\/gallery\/three-seas-iniciative-forum-of-regions-podkarpackie-03-07-2018\/","name":"Three Seas Iniciative - Forum of Regions Podkarpackie 2018.07.03. - ViaCarpatia","isPartOf":{"@id":"https:\/\/viacarpatia.eu\/#website"},"primaryImageOfPage":{"@id":"https:\/\/viacarpatia.eu\/hu\/gallery\/three-seas-iniciative-forum-of-regions-podkarpackie-03-07-2018\/#primaryimage"},"image":{"@id":"https:\/\/viacarpatia.eu\/hu\/gallery\/three-seas-iniciative-forum-of-regions-podkarpackie-03-07-2018\/#primaryimage"},"thumbnailUrl":"https:\/\/viacarpatia.eu\/wp-content\/uploads\/2023\/04\/Gallery66-1.jpg","datePublished":"2023-04-25T11:47:07+00:00","dateModified":"2023-05-16T11:27:37+00:00","breadcrumb":{"@id":"https:\/\/viacarpatia.eu\/hu\/gallery\/three-seas-iniciative-forum-of-regions-podkarpackie-03-07-2018\/#breadcrumb"},"inLanguage":"hu","potentialAction":[{"@type":"ReadAction","target":["https:\/\/viacarpatia.eu\/hu\/gallery\/three-seas-iniciative-forum-of-regions-podkarpackie-03-07-2018\/"]}]},{"@type":"ImageObject","inLanguage":"hu","@id":"https:\/\/viacarpatia.eu\/hu\/gallery\/three-seas-iniciative-forum-of-regions-podkarpackie-03-07-2018\/#primaryimage","url":"https:\/\/viacarpatia.eu\/wp-content\/uploads\/2023\/04\/Gallery66-1.jpg","contentUrl":"https:\/\/viacarpatia.eu\/wp-content\/uploads\/2023\/04\/Gallery66-1.jpg","width":720,"height":960},{"@type":"BreadcrumbList","@id":"https:\/\/viacarpatia.eu\/hu\/gallery\/three-seas-iniciative-forum-of-regions-podkarpackie-03-07-2018\/#breadcrumb","itemListElement":[{"@type":"ListItem","position":1,"name":"Home","item":"https:\/\/viacarpatia.eu\/"},{"@type":"ListItem","position":2,"name":"Three Seas Iniciative &#8211; Forum of Regions Podkarpackie 2018.07.03."}]},{"@type":"WebSite","@id":"https:\/\/viacarpatia.eu\/#website","url":"https:\/\/viacarpatia.eu\/","name":"ViaCarpatia","description":"Spájame historické a kultúrno-jazykové tradície","alternateName":"ViaCarpatia","potentialAction":[{"@type":"SearchAction","target":{"@type":"EntryPoint","urlTemplate":"https:\/\/viacarpatia.eu\/?s={search_term_string}"},"query-input":{"@type":"PropertyValueSpecification","valueRequired":true,"valueName":"search_term_string"}}],"inLanguage":"hu"}]}</script>
<!-- / Yoast SEO plugin. -->

Spájame historické a kultúrno-jazykové tradície
