{"id":6819,"date":"2023-02-09T14:20:19","date_gmt":"2023-02-09T13:20:19","guid":{"rendered":"https:\/\/viacarpatia.eu\/kontakt\/ing-andrea-sedlacek\/"},"modified":"2025-12-17T09:43:11","modified_gmt":"2025-12-17T08:43:11","slug":"ing-andrea-sedlacek","status":"publish","type":"kontakt","link":"https:\/\/viacarpatia.eu\/hu\/kontakt\/ing-andrea-sedlacek\/","title":{"rendered":"Andrea Sedl\u00e1\u010dek"},"featured_media":10568,"template":"","class_list":["post-6819","kontakt","type-kontakt","status-publish","has-post-thumbnail","hentry"],"acf":[],"yoast_head":"<!-- This site is optimized with the Yoast SEO plugin v27.5 - https:\/\/yoast.com\/product\/yoast-seo-wordpress\/ -->\n<title>Andrea Sedl\u00e1\u010dek - ViaCarpatia<\/title>\n<meta name=\"robots\" content=\"index, follow, max-snippet:-1, max-image-preview:large, max-video-preview:-1\" \/>\n<link rel=\"canonical\" href=\"https:\/\/viacarpatia.eu\/hu\/kontakt\/ing-andrea-sedlacek\/\" \/>\n<meta property=\"og:locale\" content=\"hu_HU\" \/>\n<meta property=\"og:type\" content=\"article\" \/>\n<meta property=\"og:title\" content=\"Andrea Sedl\u00e1\u010dek - ViaCarpatia\" \/>\n<meta property=\"og:url\" content=\"https:\/\/viacarpatia.eu\/hu\/kontakt\/ing-andrea-sedlacek\/\" \/>\n<meta property=\"og:site_name\" content=\"ViaCarpatia\" \/>\n<meta property=\"article:modified_time\" content=\"2025-12-17T08:43:11+00:00\" \/>\n<meta property=\"og:image\" content=\"https:\/\/viacarpatia.eu\/wp-content\/uploads\/2023\/02\/A6601919-.jpg\" \/>\n\t<meta property=\"og:image:width\" content=\"800\" \/>\n\t<meta property=\"og:image:height\" content=\"1200\" \/>\n\t<meta property=\"og:image:type\" content=\"image\/jpeg\" \/>\n<meta name=\"twitter:card\" content=\"summary_large_image\" \/>\n<meta name=\"twitter:label1\" content=\"Becs\u00fclt olvas\u00e1si id\u0151\" \/>\n\t<meta name=\"twitter:data1\" content=\"1 perc\" \/>\n<script type=\"application\/ld+json\" class=\"yoast-schema-graph\">{\"@context\":\"https:\\\/\\\/schema.org\",\"@graph\":[{\"@type\":\"WebPage\",\"@id\":\"https:\\\/\\\/viacarpatia.eu\\\/hu\\\/kontakt\\\/ing-andrea-sedlacek\\\/\",\"url\":\"https:\\\/\\\/viacarpatia.eu\\\/hu\\\/kontakt\\\/ing-andrea-sedlacek\\\/\",\"name\":\"Andrea Sedl\u00e1\u010dek - ViaCarpatia\",\"isPartOf\":{\"@id\":\"https:\\\/\\\/viacarpatia.eu\\\/#website\"},\"primaryImageOfPage\":{\"@id\":\"https:\\\/\\\/viacarpatia.eu\\\/hu\\\/kontakt\\\/ing-andrea-sedlacek\\\/#primaryimage\"},\"image\":{\"@id\":\"https:\\\/\\\/viacarpatia.eu\\\/hu\\\/kontakt\\\/ing-andrea-sedlacek\\\/#primaryimage\"},\"thumbnailUrl\":\"https:\\\/\\\/viacarpatia.eu\\\/wp-content\\\/uploads\\\/2023\\\/02\\\/IMG_0100-scaled.jpg\",\"datePublished\":\"2023-02-09T13:20:19+00:00\",\"dateModified\":\"2025-12-17T08:43:11+00:00\",\"breadcrumb\":{\"@id\":\"https:\\\/\\\/viacarpatia.eu\\\/hu\\\/kontakt\\\/ing-andrea-sedlacek\\\/#breadcrumb\"},\"inLanguage\":\"hu\",\"potentialAction\":[{\"@type\":\"ReadAction\",\"target\":[\"https:\\\/\\\/viacarpatia.eu\\\/hu\\\/kontakt\\\/ing-andrea-sedlacek\\\/\"]}]},{\"@type\":\"ImageObject\",\"inLanguage\":\"hu\",\"@id\":\"https:\\\/\\\/viacarpatia.eu\\\/hu\\\/kontakt\\\/ing-andrea-sedlacek\\\/#primaryimage\",\"url\":\"https:\\\/\\\/viacarpatia.eu\\\/wp-content\\\/uploads\\\/2023\\\/02\\\/IMG_0100-scaled.jpg\",\"contentUrl\":\"https:\\\/\\\/viacarpatia.eu\\\/wp-content\\\/uploads\\\/2023\\\/02\\\/IMG_0100-scaled.jpg\",\"width\":2048,\"height\":2560},{\"@type\":\"BreadcrumbList\",\"@id\":\"https:\\\/\\\/viacarpatia.eu\\\/hu\\\/kontakt\\\/ing-andrea-sedlacek\\\/#breadcrumb\",\"itemListElement\":[{\"@type\":\"ListItem\",\"position\":1,\"name\":\"Home\",\"item\":\"https:\\\/\\\/viacarpatia.eu\\\/\"},{\"@type\":\"ListItem\",\"position\":2,\"name\":\"Andrea Sedl\u00e1\u010dek\"}]},{\"@type\":\"WebSite\",\"@id\":\"https:\\\/\\\/viacarpatia.eu\\\/#website\",\"url\":\"https:\\\/\\\/viacarpatia.eu\\\/\",\"name\":\"ViaCarpatia\",\"description\":\"Sp\u00e1jame historick\u00e9 a kult\u00farno-jazykov\u00e9 trad\u00edcie\",\"alternateName\":\"ViaCarpatia\",\"potentialAction\":[{\"@type\":\"SearchAction\",\"target\":{\"@type\":\"EntryPoint\",\"urlTemplate\":\"https:\\\/\\\/viacarpatia.eu\\\/?s={search_term_string}\"},\"query-input\":{\"@type\":\"PropertyValueSpecification\",\"valueRequired\":true,\"valueName\":\"search_term_string\"}}],\"inLanguage\":\"hu\"}]}<\/script>\n<!-- \/ Yoast SEO plugin. -->","yoast_head_json":{"title":"Andrea Sedl\u00e1\u010dek - ViaCarpatia","robots":{"index":"index","follow":"follow","max-snippet":"max-snippet:-1","max-image-preview":"max-image-preview:large","max-video-preview":"max-video-preview:-1"},"canonical":"https:\/\/viacarpatia.eu\/hu\/kontakt\/ing-andrea-sedlacek\/","og_locale":"hu_HU","og_type":"article","og_title":"Andrea Sedl\u00e1\u010dek - ViaCarpatia","og_url":"https:\/\/viacarpatia.eu\/hu\/kontakt\/ing-andrea-sedlacek\/","og_site_name":"ViaCarpatia","article_modified_time":"2025-12-17T08:43:11+00:00","og_image":[{"width":800,"height":1200,"url":"https:\/\/viacarpatia.eu\/wp-content\/uploads\/2023\/02\/A6601919-.jpg","type":"image\/jpeg"}],"twitter_card":"summary_large_image","twitter_misc":{"Becs\u00fclt olvas\u00e1si id\u0151":"1 perc"},"schema":{"@context":"https:\/\/schema.org","@graph":[{"@type":"WebPage","@id":"https:\/\/viacarpatia.eu\/hu\/kontakt\/ing-andrea-sedlacek\/","url":"https:\/\/viacarpatia.eu\/hu\/kontakt\/ing-andrea-sedlacek\/","name":"Andrea Sedl\u00e1\u010dek - ViaCarpatia","isPartOf":{"@id":"https:\/\/viacarpatia.eu\/#website"},"primaryImageOfPage":{"@id":"https:\/\/viacarpatia.eu\/hu\/kontakt\/ing-andrea-sedlacek\/#primaryimage"},"image":{"@id":"https:\/\/viacarpatia.eu\/hu\/kontakt\/ing-andrea-sedlacek\/#primaryimage"},"thumbnailUrl":"https:\/\/viacarpatia.eu\/wp-content\/uploads\/2023\/02\/IMG_0100-scaled.jpg","datePublished":"2023-02-09T13:20:19+00:00","dateModified":"2025-12-17T08:43:11+00:00","breadcrumb":{"@id":"https:\/\/viacarpatia.eu\/hu\/kontakt\/ing-andrea-sedlacek\/#breadcrumb"},"inLanguage":"hu","potentialAction":[{"@type":"ReadAction","target":["https:\/\/viacarpatia.eu\/hu\/kontakt\/ing-andrea-sedlacek\/"]}]},{"@type":"ImageObject","inLanguage":"hu","@id":"https:\/\/viacarpatia.eu\/hu\/kontakt\/ing-andrea-sedlacek\/#primaryimage","url":"https:\/\/viacarpatia.eu\/wp-content\/uploads\/2023\/02\/IMG_0100-scaled.jpg","contentUrl":"https:\/\/viacarpatia.eu\/wp-content\/uploads\/2023\/02\/IMG_0100-scaled.jpg","width":2048,"height":2560},{"@type":"BreadcrumbList","@id":"https:\/\/viacarpatia.eu\/hu\/kontakt\/ing-andrea-sedlacek\/#breadcrumb","itemListElement":[{"@type":"ListItem","position":1,"name":"Home","item":"https:\/\/viacarpatia.eu\/"},{"@type":"ListItem","position":2,"name":"Andrea Sedl\u00e1\u010dek"}]},{"@type":"WebSite","@id":"https:\/\/viacarpatia.eu\/#website","url":"https:\/\/viacarpatia.eu\/","name":"ViaCarpatia","description":"Sp\u00e1jame historick\u00e9 a kult\u00farno-jazykov\u00e9 trad\u00edcie","alternateName":"ViaCarpatia","potentialAction":[{"@type":"SearchAction","target":{"@type":"EntryPoint","urlTemplate":"https:\/\/viacarpatia.eu\/?s={search_term_string}"},"query-input":{"@type":"PropertyValueSpecification","valueRequired":true,"valueName":"search_term_string"}}],"inLanguage":"hu"}]}},"_links":{"self":[{"href":"https:\/\/viacarpatia.eu\/hu\/wp-json\/wp\/v2\/kontakt\/6819","targetHints":{"allow":["GET"]}}],"collection":[{"href":"https:\/\/viacarpatia.eu\/hu\/wp-json\/wp\/v2\/kontakt"}],"about":[{"href":"https:\/\/viacarpatia.eu\/hu\/wp-json\/wp\/v2\/types\/kontakt"}],"wp:featuredmedia":[{"embeddable":true,"href":"https:\/\/viacarpatia.eu\/hu\/wp-json\/wp\/v2\/media\/10568"}],"wp:attachment":[{"href":"https:\/\/viacarpatia.eu\/hu\/wp-json\/wp\/v2\/media?parent=6819"}],"curies":[{"name":"wp","href":"https:\/\/api.w.org\/{rel}","templated":true}]}}

Andrea Sedláček

<!-- This site is optimized with the Yoast SEO plugin v27.5 - https://yoast.com/product/yoast-seo-wordpress/ -->
<title>Andrea Sedláček - ViaCarpatia</title>
<meta name="robots" content="index, follow, max-snippet:-1, max-image-preview:large, max-video-preview:-1" />
<link rel="canonical" href="https://viacarpatia.eu/hu/kontakt/ing-andrea-sedlacek/" />
<meta property="og:locale" content="hu_HU" />
<meta property="og:type" content="article" />
<meta property="og:title" content="Andrea Sedláček - ViaCarpatia" />
<meta property="og:url" content="https://viacarpatia.eu/hu/kontakt/ing-andrea-sedlacek/" />
<meta property="og:site_name" content="ViaCarpatia" />
<meta property="article:modified_time" content="2025-12-17T08:43:11+00:00" />
<meta property="og:image" content="https://viacarpatia.eu/wp-content/uploads/2023/02/A6601919-.jpg" />
	<meta property="og:image:width" content="800" />
	<meta property="og:image:height" content="1200" />
	<meta property="og:image:type" content="image/jpeg" />
<meta name="twitter:card" content="summary_large_image" />
<meta name="twitter:label1" content="Becsült olvasási idő" />
	<meta name="twitter:data1" content="1 perc" />
<script type="application/ld+json" class="yoast-schema-graph">{"@context":"https:\/\/schema.org","@graph":[{"@type":"WebPage","@id":"https:\/\/viacarpatia.eu\/hu\/kontakt\/ing-andrea-sedlacek\/","url":"https:\/\/viacarpatia.eu\/hu\/kontakt\/ing-andrea-sedlacek\/","name":"Andrea Sedláček - ViaCarpatia","isPartOf":{"@id":"https:\/\/viacarpatia.eu\/#website"},"primaryImageOfPage":{"@id":"https:\/\/viacarpatia.eu\/hu\/kontakt\/ing-andrea-sedlacek\/#primaryimage"},"image":{"@id":"https:\/\/viacarpatia.eu\/hu\/kontakt\/ing-andrea-sedlacek\/#primaryimage"},"thumbnailUrl":"https:\/\/viacarpatia.eu\/wp-content\/uploads\/2023\/02\/IMG_0100-scaled.jpg","datePublished":"2023-02-09T13:20:19+00:00","dateModified":"2025-12-17T08:43:11+00:00","breadcrumb":{"@id":"https:\/\/viacarpatia.eu\/hu\/kontakt\/ing-andrea-sedlacek\/#breadcrumb"},"inLanguage":"hu","potentialAction":[{"@type":"ReadAction","target":["https:\/\/viacarpatia.eu\/hu\/kontakt\/ing-andrea-sedlacek\/"]}]},{"@type":"ImageObject","inLanguage":"hu","@id":"https:\/\/viacarpatia.eu\/hu\/kontakt\/ing-andrea-sedlacek\/#primaryimage","url":"https:\/\/viacarpatia.eu\/wp-content\/uploads\/2023\/02\/IMG_0100-scaled.jpg","contentUrl":"https:\/\/viacarpatia.eu\/wp-content\/uploads\/2023\/02\/IMG_0100-scaled.jpg","width":2048,"height":2560},{"@type":"BreadcrumbList","@id":"https:\/\/viacarpatia.eu\/hu\/kontakt\/ing-andrea-sedlacek\/#breadcrumb","itemListElement":[{"@type":"ListItem","position":1,"name":"Home","item":"https:\/\/viacarpatia.eu\/"},{"@type":"ListItem","position":2,"name":"Andrea Sedláček"}]},{"@type":"WebSite","@id":"https:\/\/viacarpatia.eu\/#website","url":"https:\/\/viacarpatia.eu\/","name":"ViaCarpatia","description":"Spájame historické a kultúrno-jazykové tradície","alternateName":"ViaCarpatia","potentialAction":[{"@type":"SearchAction","target":{"@type":"EntryPoint","urlTemplate":"https:\/\/viacarpatia.eu\/?s={search_term_string}"},"query-input":{"@type":"PropertyValueSpecification","valueRequired":true,"valueName":"search_term_string"}}],"inLanguage":"hu"}]}</script>
<!-- / Yoast SEO plugin. -->

Andrea Sedláček - ViaCarpatia

Spájame historické a kultúrno-jazykové tradície
