{"id":6855,"date":"2023-04-05T11:12:15","date_gmt":"2023-04-05T09:12:15","guid":{"rendered":"https:\/\/viacarpatia.eu\/projekty\/ett-16-0001-tervezzunk-kozosen-planujme-spolocne\/"},"modified":"2023-05-16T10:37:11","modified_gmt":"2023-05-16T08:37:11","slug":"ett-16-0001-tervezzunk-kozosen-planujme-spolocne","status":"publish","type":"projekty","link":"https:\/\/viacarpatia.eu\/hu\/projekty\/ett-16-0001-tervezzunk-kozosen-planujme-spolocne\/","title":{"rendered":"ETT-16-0001 \u2013 \u201eTervezz\u00fcnk k\u00f6z\u00f6sen\u201c"},"content":{"rendered":"<p>A 2016-os ETT p\u00e1ly\u00e1zat a K\u00fclgazdas\u00e1gi \u00e9s K\u00fcl\u00fcgyminiszt\u00e9riumnak k\u00f6sz\u00f6nhet\u0151en ker\u00fclt v\u00e9grehajt\u00e1sra. A p\u00e1ly\u00e1zat f\u0151 c\u00e9lja a Via Carpatia EGTC tev\u00e9kenys\u00e9geinek t\u00e1mogat\u00e1sa. A t\u00e1mogat\u00e1s irodai berendez\u00e9sekre, propag\u00e1ci\u00f3s anyagok elk\u00e9sz\u00edt\u00e9s\u00e9re, valamint a Kisprojekt Alap bels\u0151 k\u00e9zik\u00f6nyv m\u00e1sodik r\u00e9sz\u00e9nek kidolgoz\u00e1s\u00e1ra lett felhaszn\u00e1lva. A sikeres p\u00e1ly\u00e1zatnak k\u00f6sz\u00f6nhet\u0151en a Via Carpatia EGTC k\u00e9t felvid\u00e9ki magyar iskola r\u00e9sz\u00e9re biztos\u00edtotta be az oktat\u00e1st el\u0151seg\u00edt\u0151 LEGO k\u00e9szleteket \u00e9s robotokat.<\/p>\n","protected":false},"featured_media":0,"template":"","class_list":["post-6855","projekty","type-projekty","status-publish","hentry"],"acf":[],"yoast_head":"<!-- This site is optimized with the Yoast SEO plugin v27.5 - https:\/\/yoast.com\/product\/yoast-seo-wordpress\/ -->\n<title>ETT-16-0001 \u2013 \u201eTervezz\u00fcnk k\u00f6z\u00f6sen\u201c - ViaCarpatia<\/title>\n<meta name=\"robots\" content=\"index, follow, max-snippet:-1, max-image-preview:large, max-video-preview:-1\" \/>\n<link rel=\"canonical\" href=\"https:\/\/viacarpatia.eu\/hu\/projekty\/ett-16-0001-tervezzunk-kozosen-planujme-spolocne\/\" \/>\n<meta property=\"og:locale\" content=\"hu_HU\" \/>\n<meta property=\"og:type\" content=\"article\" \/>\n<meta property=\"og:title\" content=\"ETT-16-0001 \u2013 \u201eTervezz\u00fcnk k\u00f6z\u00f6sen\u201c - ViaCarpatia\" \/>\n<meta property=\"og:description\" content=\"A 2016-os ETT p\u00e1ly\u00e1zat a K\u00fclgazdas\u00e1gi \u00e9s K\u00fcl\u00fcgyminiszt\u00e9riumnak k\u00f6sz\u00f6nhet\u0151en ker\u00fclt v\u00e9grehajt\u00e1sra. A p\u00e1ly\u00e1zat f\u0151 c\u00e9lja a Via Carpatia EGTC tev\u00e9kenys\u00e9geinek t\u00e1mogat\u00e1sa. A t\u00e1mogat\u00e1s irodai berendez\u00e9sekre, propag\u00e1ci\u00f3s anyagok elk\u00e9sz\u00edt\u00e9s\u00e9re, valamint a Kisprojekt Alap bels\u0151 k\u00e9zik\u00f6nyv m\u00e1sodik r\u00e9sz\u00e9nek kidolgoz\u00e1s\u00e1ra lett felhaszn\u00e1lva. A sikeres p\u00e1ly\u00e1zatnak k\u00f6sz\u00f6nhet\u0151en a Via Carpatia EGTC k\u00e9t felvid\u00e9ki magyar iskola r\u00e9sz\u00e9re biztos\u00edtotta be az [&hellip;]\" \/>\n<meta property=\"og:url\" content=\"https:\/\/viacarpatia.eu\/hu\/projekty\/ett-16-0001-tervezzunk-kozosen-planujme-spolocne\/\" \/>\n<meta property=\"og:site_name\" content=\"ViaCarpatia\" \/>\n<meta property=\"article:modified_time\" content=\"2023-05-16T08:37:11+00:00\" \/>\n<meta name=\"twitter:card\" content=\"summary_large_image\" \/>\n<meta name=\"twitter:label1\" content=\"Becs\u00fclt olvas\u00e1si id\u0151\" \/>\n\t<meta name=\"twitter:data1\" content=\"1 perc\" \/>\n<script type=\"application\/ld+json\" class=\"yoast-schema-graph\">{\"@context\":\"https:\\\/\\\/schema.org\",\"@graph\":[{\"@type\":\"WebPage\",\"@id\":\"https:\\\/\\\/viacarpatia.eu\\\/hu\\\/projekty\\\/ett-16-0001-tervezzunk-kozosen-planujme-spolocne\\\/\",\"url\":\"https:\\\/\\\/viacarpatia.eu\\\/hu\\\/projekty\\\/ett-16-0001-tervezzunk-kozosen-planujme-spolocne\\\/\",\"name\":\"ETT-16-0001 \u2013 \u201eTervezz\u00fcnk k\u00f6z\u00f6sen\u201c - ViaCarpatia\",\"isPartOf\":{\"@id\":\"https:\\\/\\\/viacarpatia.eu\\\/#website\"},\"datePublished\":\"2023-04-05T09:12:15+00:00\",\"dateModified\":\"2023-05-16T08:37:11+00:00\",\"breadcrumb\":{\"@id\":\"https:\\\/\\\/viacarpatia.eu\\\/hu\\\/projekty\\\/ett-16-0001-tervezzunk-kozosen-planujme-spolocne\\\/#breadcrumb\"},\"inLanguage\":\"hu\",\"potentialAction\":[{\"@type\":\"ReadAction\",\"target\":[\"https:\\\/\\\/viacarpatia.eu\\\/hu\\\/projekty\\\/ett-16-0001-tervezzunk-kozosen-planujme-spolocne\\\/\"]}]},{\"@type\":\"BreadcrumbList\",\"@id\":\"https:\\\/\\\/viacarpatia.eu\\\/hu\\\/projekty\\\/ett-16-0001-tervezzunk-kozosen-planujme-spolocne\\\/#breadcrumb\",\"itemListElement\":[{\"@type\":\"ListItem\",\"position\":1,\"name\":\"Home\",\"item\":\"https:\\\/\\\/viacarpatia.eu\\\/\"},{\"@type\":\"ListItem\",\"position\":2,\"name\":\"ETT-16-0001 \u2013 \u201eTervezz\u00fcnk k\u00f6z\u00f6sen\u201c\"}]},{\"@type\":\"WebSite\",\"@id\":\"https:\\\/\\\/viacarpatia.eu\\\/#website\",\"url\":\"https:\\\/\\\/viacarpatia.eu\\\/\",\"name\":\"ViaCarpatia\",\"description\":\"Sp\u00e1jame historick\u00e9 a kult\u00farno-jazykov\u00e9 trad\u00edcie\",\"alternateName\":\"ViaCarpatia\",\"potentialAction\":[{\"@type\":\"SearchAction\",\"target\":{\"@type\":\"EntryPoint\",\"urlTemplate\":\"https:\\\/\\\/viacarpatia.eu\\\/?s={search_term_string}\"},\"query-input\":{\"@type\":\"PropertyValueSpecification\",\"valueRequired\":true,\"valueName\":\"search_term_string\"}}],\"inLanguage\":\"hu\"}]}<\/script>\n<!-- \/ Yoast SEO plugin. -->","yoast_head_json":{"title":"ETT-16-0001 \u2013 \u201eTervezz\u00fcnk k\u00f6z\u00f6sen\u201c - ViaCarpatia","robots":{"index":"index","follow":"follow","max-snippet":"max-snippet:-1","max-image-preview":"max-image-preview:large","max-video-preview":"max-video-preview:-1"},"canonical":"https:\/\/viacarpatia.eu\/hu\/projekty\/ett-16-0001-tervezzunk-kozosen-planujme-spolocne\/","og_locale":"hu_HU","og_type":"article","og_title":"ETT-16-0001 \u2013 \u201eTervezz\u00fcnk k\u00f6z\u00f6sen\u201c - ViaCarpatia","og_description":"A 2016-os ETT p\u00e1ly\u00e1zat a K\u00fclgazdas\u00e1gi \u00e9s K\u00fcl\u00fcgyminiszt\u00e9riumnak k\u00f6sz\u00f6nhet\u0151en ker\u00fclt v\u00e9grehajt\u00e1sra. A p\u00e1ly\u00e1zat f\u0151 c\u00e9lja a Via Carpatia EGTC tev\u00e9kenys\u00e9geinek t\u00e1mogat\u00e1sa. A t\u00e1mogat\u00e1s irodai berendez\u00e9sekre, propag\u00e1ci\u00f3s anyagok elk\u00e9sz\u00edt\u00e9s\u00e9re, valamint a Kisprojekt Alap bels\u0151 k\u00e9zik\u00f6nyv m\u00e1sodik r\u00e9sz\u00e9nek kidolgoz\u00e1s\u00e1ra lett felhaszn\u00e1lva. A sikeres p\u00e1ly\u00e1zatnak k\u00f6sz\u00f6nhet\u0151en a Via Carpatia EGTC k\u00e9t felvid\u00e9ki magyar iskola r\u00e9sz\u00e9re biztos\u00edtotta be az [&hellip;]","og_url":"https:\/\/viacarpatia.eu\/hu\/projekty\/ett-16-0001-tervezzunk-kozosen-planujme-spolocne\/","og_site_name":"ViaCarpatia","article_modified_time":"2023-05-16T08:37:11+00:00","twitter_card":"summary_large_image","twitter_misc":{"Becs\u00fclt olvas\u00e1si id\u0151":"1 perc"},"schema":{"@context":"https:\/\/schema.org","@graph":[{"@type":"WebPage","@id":"https:\/\/viacarpatia.eu\/hu\/projekty\/ett-16-0001-tervezzunk-kozosen-planujme-spolocne\/","url":"https:\/\/viacarpatia.eu\/hu\/projekty\/ett-16-0001-tervezzunk-kozosen-planujme-spolocne\/","name":"ETT-16-0001 \u2013 \u201eTervezz\u00fcnk k\u00f6z\u00f6sen\u201c - ViaCarpatia","isPartOf":{"@id":"https:\/\/viacarpatia.eu\/#website"},"datePublished":"2023-04-05T09:12:15+00:00","dateModified":"2023-05-16T08:37:11+00:00","breadcrumb":{"@id":"https:\/\/viacarpatia.eu\/hu\/projekty\/ett-16-0001-tervezzunk-kozosen-planujme-spolocne\/#breadcrumb"},"inLanguage":"hu","potentialAction":[{"@type":"ReadAction","target":["https:\/\/viacarpatia.eu\/hu\/projekty\/ett-16-0001-tervezzunk-kozosen-planujme-spolocne\/"]}]},{"@type":"BreadcrumbList","@id":"https:\/\/viacarpatia.eu\/hu\/projekty\/ett-16-0001-tervezzunk-kozosen-planujme-spolocne\/#breadcrumb","itemListElement":[{"@type":"ListItem","position":1,"name":"Home","item":"https:\/\/viacarpatia.eu\/"},{"@type":"ListItem","position":2,"name":"ETT-16-0001 \u2013 \u201eTervezz\u00fcnk k\u00f6z\u00f6sen\u201c"}]},{"@type":"WebSite","@id":"https:\/\/viacarpatia.eu\/#website","url":"https:\/\/viacarpatia.eu\/","name":"ViaCarpatia","description":"Sp\u00e1jame historick\u00e9 a kult\u00farno-jazykov\u00e9 trad\u00edcie","alternateName":"ViaCarpatia","potentialAction":[{"@type":"SearchAction","target":{"@type":"EntryPoint","urlTemplate":"https:\/\/viacarpatia.eu\/?s={search_term_string}"},"query-input":{"@type":"PropertyValueSpecification","valueRequired":true,"valueName":"search_term_string"}}],"inLanguage":"hu"}]}},"_links":{"self":[{"href":"https:\/\/viacarpatia.eu\/hu\/wp-json\/wp\/v2\/projekty\/6855","targetHints":{"allow":["GET"]}}],"collection":[{"href":"https:\/\/viacarpatia.eu\/hu\/wp-json\/wp\/v2\/projekty"}],"about":[{"href":"https:\/\/viacarpatia.eu\/hu\/wp-json\/wp\/v2\/types\/projekty"}],"wp:attachment":[{"href":"https:\/\/viacarpatia.eu\/hu\/wp-json\/wp\/v2\/media?parent=6855"}],"curies":[{"name":"wp","href":"https:\/\/api.w.org\/{rel}","templated":true}]}}

ETT-16-0001 – „Tervezzünk közösen“

<p>A 2016-os ETT pályázat a Külgazdasági és Külügyminisztériumnak köszönhetően került végrehajtásra. A pályázat fő célja a Via Carpatia EGTC tevékenységeinek támogatása. A támogatás irodai berendezésekre, propagációs anyagok elkészítésére, valamint a Kisprojekt Alap belső kézikönyv második részének kidolgozására lett felhasználva. A sikeres pályázatnak köszönhetően a Via Carpatia EGTC két felvidéki magyar iskola részére biztosította be az oktatást elősegítő LEGO készleteket és robotokat.</p>

<!-- This site is optimized with the Yoast SEO plugin v27.5 - https://yoast.com/product/yoast-seo-wordpress/ -->
<title>ETT-16-0001 – „Tervezzünk közösen“ - ViaCarpatia</title>
<meta name="robots" content="index, follow, max-snippet:-1, max-image-preview:large, max-video-preview:-1" />
<link rel="canonical" href="https://viacarpatia.eu/hu/projekty/ett-16-0001-tervezzunk-kozosen-planujme-spolocne/" />
<meta property="og:locale" content="hu_HU" />
<meta property="og:type" content="article" />
<meta property="og:title" content="ETT-16-0001 – „Tervezzünk közösen“ - ViaCarpatia" />
<meta property="og:description" content="A 2016-os ETT pályázat a Külgazdasági és Külügyminisztériumnak köszönhetően került végrehajtásra. A pályázat fő célja a Via Carpatia EGTC tevékenységeinek támogatása. A támogatás irodai berendezésekre, propagációs anyagok elkészítésére, valamint a Kisprojekt Alap belső kézikönyv második részének kidolgozására lett felhasználva. A sikeres pályázatnak köszönhetően a Via Carpatia EGTC két felvidéki magyar iskola részére biztosította be az [&hellip;]" />
<meta property="og:url" content="https://viacarpatia.eu/hu/projekty/ett-16-0001-tervezzunk-kozosen-planujme-spolocne/" />
<meta property="og:site_name" content="ViaCarpatia" />
<meta property="article:modified_time" content="2023-05-16T08:37:11+00:00" />
<meta name="twitter:card" content="summary_large_image" />
<meta name="twitter:label1" content="Becsült olvasási idő" />
	<meta name="twitter:data1" content="1 perc" />
<script type="application/ld+json" class="yoast-schema-graph">{"@context":"https:\/\/schema.org","@graph":[{"@type":"WebPage","@id":"https:\/\/viacarpatia.eu\/hu\/projekty\/ett-16-0001-tervezzunk-kozosen-planujme-spolocne\/","url":"https:\/\/viacarpatia.eu\/hu\/projekty\/ett-16-0001-tervezzunk-kozosen-planujme-spolocne\/","name":"ETT-16-0001 – „Tervezzünk közösen“ - ViaCarpatia","isPartOf":{"@id":"https:\/\/viacarpatia.eu\/#website"},"datePublished":"2023-04-05T09:12:15+00:00","dateModified":"2023-05-16T08:37:11+00:00","breadcrumb":{"@id":"https:\/\/viacarpatia.eu\/hu\/projekty\/ett-16-0001-tervezzunk-kozosen-planujme-spolocne\/#breadcrumb"},"inLanguage":"hu","potentialAction":[{"@type":"ReadAction","target":["https:\/\/viacarpatia.eu\/hu\/projekty\/ett-16-0001-tervezzunk-kozosen-planujme-spolocne\/"]}]},{"@type":"BreadcrumbList","@id":"https:\/\/viacarpatia.eu\/hu\/projekty\/ett-16-0001-tervezzunk-kozosen-planujme-spolocne\/#breadcrumb","itemListElement":[{"@type":"ListItem","position":1,"name":"Home","item":"https:\/\/viacarpatia.eu\/"},{"@type":"ListItem","position":2,"name":"ETT-16-0001 – „Tervezzünk közösen“"}]},{"@type":"WebSite","@id":"https:\/\/viacarpatia.eu\/#website","url":"https:\/\/viacarpatia.eu\/","name":"ViaCarpatia","description":"Spájame historické a kultúrno-jazykové tradície","alternateName":"ViaCarpatia","potentialAction":[{"@type":"SearchAction","target":{"@type":"EntryPoint","urlTemplate":"https:\/\/viacarpatia.eu\/?s={search_term_string}"},"query-input":{"@type":"PropertyValueSpecification","valueRequired":true,"valueName":"search_term_string"}}],"inLanguage":"hu"}]}</script>
<!-- / Yoast SEO plugin. -->

ETT-16-0001 – „Tervezzünk közösen“ - ViaCarpatia

A 2016-os ETT pályázat a Külgazdasági és Külügyminisztériumnak köszönhetően került végrehajtásra. A pályázat fő célja a Via Carpatia EGTC tevékenységeinek támogatása. A támogatás irodai berendezésekre, propagációs anyagok elkészítésére, valamint a Kisprojekt Alap belső kézikönyv második részének kidolgozására lett felhasználva. A sikeres pályázatnak köszönhetően a Via Carpatia EGTC két felvidéki magyar iskola részére biztosította be az [&hellip;]

Spájame historické a kultúrno-jazykové tradície
