{"id":9119,"date":"2024-05-17T09:20:42","date_gmt":"2024-05-17T07:20:42","guid":{"rendered":"https:\/\/viacarpatia.eu\/vyrocne-spravy\/2014-evi-jelentes\/"},"modified":"2024-05-17T09:20:42","modified_gmt":"2024-05-17T07:20:42","slug":"2014-evi-jelentes","status":"publish","type":"vyrocne-spravy","link":"https:\/\/viacarpatia.eu\/hu\/vyrocne-spravy\/2014-evi-jelentes\/","title":{"rendered":"2014. \u00c9vi jelent\u00e9s"},"template":"","class_list":["post-9119","vyrocne-spravy","type-vyrocne-spravy","status-publish","hentry"],"acf":[],"yoast_head":"<!-- This site is optimized with the Yoast SEO plugin v27.5 - https:\/\/yoast.com\/product\/yoast-seo-wordpress\/ -->\n<title>2014. \u00c9vi jelent\u00e9s - ViaCarpatia<\/title>\n<meta name=\"robots\" content=\"index, follow, max-snippet:-1, max-image-preview:large, max-video-preview:-1\" \/>\n<link rel=\"canonical\" href=\"https:\/\/viacarpatia.eu\/hu\/vyrocne-spravy\/2014-evi-jelentes\/\" \/>\n<meta property=\"og:locale\" content=\"hu_HU\" \/>\n<meta property=\"og:type\" content=\"article\" \/>\n<meta property=\"og:title\" content=\"2014. \u00c9vi jelent\u00e9s - ViaCarpatia\" \/>\n<meta property=\"og:url\" content=\"https:\/\/viacarpatia.eu\/hu\/vyrocne-spravy\/2014-evi-jelentes\/\" \/>\n<meta property=\"og:site_name\" content=\"ViaCarpatia\" \/>\n<meta name=\"twitter:card\" content=\"summary_large_image\" \/>\n<script type=\"application\/ld+json\" class=\"yoast-schema-graph\">{\"@context\":\"https:\\\/\\\/schema.org\",\"@graph\":[{\"@type\":\"WebPage\",\"@id\":\"https:\\\/\\\/viacarpatia.eu\\\/hu\\\/vyrocne-spravy\\\/2014-evi-jelentes\\\/\",\"url\":\"https:\\\/\\\/viacarpatia.eu\\\/hu\\\/vyrocne-spravy\\\/2014-evi-jelentes\\\/\",\"name\":\"2014. \u00c9vi jelent\u00e9s - ViaCarpatia\",\"isPartOf\":{\"@id\":\"https:\\\/\\\/viacarpatia.eu\\\/#website\"},\"datePublished\":\"2024-05-17T07:20:42+00:00\",\"breadcrumb\":{\"@id\":\"https:\\\/\\\/viacarpatia.eu\\\/hu\\\/vyrocne-spravy\\\/2014-evi-jelentes\\\/#breadcrumb\"},\"inLanguage\":\"hu\",\"potentialAction\":[{\"@type\":\"ReadAction\",\"target\":[\"https:\\\/\\\/viacarpatia.eu\\\/hu\\\/vyrocne-spravy\\\/2014-evi-jelentes\\\/\"]}]},{\"@type\":\"BreadcrumbList\",\"@id\":\"https:\\\/\\\/viacarpatia.eu\\\/hu\\\/vyrocne-spravy\\\/2014-evi-jelentes\\\/#breadcrumb\",\"itemListElement\":[{\"@type\":\"ListItem\",\"position\":1,\"name\":\"Home\",\"item\":\"https:\\\/\\\/viacarpatia.eu\\\/\"},{\"@type\":\"ListItem\",\"position\":2,\"name\":\"2014. \u00c9vi jelent\u00e9s\"}]},{\"@type\":\"WebSite\",\"@id\":\"https:\\\/\\\/viacarpatia.eu\\\/#website\",\"url\":\"https:\\\/\\\/viacarpatia.eu\\\/\",\"name\":\"ViaCarpatia\",\"description\":\"Sp\u00e1jame historick\u00e9 a kult\u00farno-jazykov\u00e9 trad\u00edcie\",\"alternateName\":\"ViaCarpatia\",\"potentialAction\":[{\"@type\":\"SearchAction\",\"target\":{\"@type\":\"EntryPoint\",\"urlTemplate\":\"https:\\\/\\\/viacarpatia.eu\\\/?s={search_term_string}\"},\"query-input\":{\"@type\":\"PropertyValueSpecification\",\"valueRequired\":true,\"valueName\":\"search_term_string\"}}],\"inLanguage\":\"hu\"}]}<\/script>\n<!-- \/ Yoast SEO plugin. -->","yoast_head_json":{"title":"2014. \u00c9vi jelent\u00e9s - ViaCarpatia","robots":{"index":"index","follow":"follow","max-snippet":"max-snippet:-1","max-image-preview":"max-image-preview:large","max-video-preview":"max-video-preview:-1"},"canonical":"https:\/\/viacarpatia.eu\/hu\/vyrocne-spravy\/2014-evi-jelentes\/","og_locale":"hu_HU","og_type":"article","og_title":"2014. \u00c9vi jelent\u00e9s - ViaCarpatia","og_url":"https:\/\/viacarpatia.eu\/hu\/vyrocne-spravy\/2014-evi-jelentes\/","og_site_name":"ViaCarpatia","twitter_card":"summary_large_image","schema":{"@context":"https:\/\/schema.org","@graph":[{"@type":"WebPage","@id":"https:\/\/viacarpatia.eu\/hu\/vyrocne-spravy\/2014-evi-jelentes\/","url":"https:\/\/viacarpatia.eu\/hu\/vyrocne-spravy\/2014-evi-jelentes\/","name":"2014. \u00c9vi jelent\u00e9s - ViaCarpatia","isPartOf":{"@id":"https:\/\/viacarpatia.eu\/#website"},"datePublished":"2024-05-17T07:20:42+00:00","breadcrumb":{"@id":"https:\/\/viacarpatia.eu\/hu\/vyrocne-spravy\/2014-evi-jelentes\/#breadcrumb"},"inLanguage":"hu","potentialAction":[{"@type":"ReadAction","target":["https:\/\/viacarpatia.eu\/hu\/vyrocne-spravy\/2014-evi-jelentes\/"]}]},{"@type":"BreadcrumbList","@id":"https:\/\/viacarpatia.eu\/hu\/vyrocne-spravy\/2014-evi-jelentes\/#breadcrumb","itemListElement":[{"@type":"ListItem","position":1,"name":"Home","item":"https:\/\/viacarpatia.eu\/"},{"@type":"ListItem","position":2,"name":"2014. \u00c9vi jelent\u00e9s"}]},{"@type":"WebSite","@id":"https:\/\/viacarpatia.eu\/#website","url":"https:\/\/viacarpatia.eu\/","name":"ViaCarpatia","description":"Sp\u00e1jame historick\u00e9 a kult\u00farno-jazykov\u00e9 trad\u00edcie","alternateName":"ViaCarpatia","potentialAction":[{"@type":"SearchAction","target":{"@type":"EntryPoint","urlTemplate":"https:\/\/viacarpatia.eu\/?s={search_term_string}"},"query-input":{"@type":"PropertyValueSpecification","valueRequired":true,"valueName":"search_term_string"}}],"inLanguage":"hu"}]}},"_links":{"self":[{"href":"https:\/\/viacarpatia.eu\/hu\/wp-json\/wp\/v2\/vyrocne-spravy\/9119","targetHints":{"allow":["GET"]}}],"collection":[{"href":"https:\/\/viacarpatia.eu\/hu\/wp-json\/wp\/v2\/vyrocne-spravy"}],"about":[{"href":"https:\/\/viacarpatia.eu\/hu\/wp-json\/wp\/v2\/types\/vyrocne-spravy"}],"wp:attachment":[{"href":"https:\/\/viacarpatia.eu\/hu\/wp-json\/wp\/v2\/media?parent=9119"}],"curies":[{"name":"wp","href":"https:\/\/api.w.org\/{rel}","templated":true}]}}

2014. Évi jelentés

<!-- This site is optimized with the Yoast SEO plugin v27.5 - https://yoast.com/product/yoast-seo-wordpress/ -->
<title>2014. Évi jelentés - ViaCarpatia</title>
<meta name="robots" content="index, follow, max-snippet:-1, max-image-preview:large, max-video-preview:-1" />
<link rel="canonical" href="https://viacarpatia.eu/hu/vyrocne-spravy/2014-evi-jelentes/" />
<meta property="og:locale" content="hu_HU" />
<meta property="og:type" content="article" />
<meta property="og:title" content="2014. Évi jelentés - ViaCarpatia" />
<meta property="og:url" content="https://viacarpatia.eu/hu/vyrocne-spravy/2014-evi-jelentes/" />
<meta property="og:site_name" content="ViaCarpatia" />
<meta name="twitter:card" content="summary_large_image" />
<script type="application/ld+json" class="yoast-schema-graph">{"@context":"https:\/\/schema.org","@graph":[{"@type":"WebPage","@id":"https:\/\/viacarpatia.eu\/hu\/vyrocne-spravy\/2014-evi-jelentes\/","url":"https:\/\/viacarpatia.eu\/hu\/vyrocne-spravy\/2014-evi-jelentes\/","name":"2014. Évi jelentés - ViaCarpatia","isPartOf":{"@id":"https:\/\/viacarpatia.eu\/#website"},"datePublished":"2024-05-17T07:20:42+00:00","breadcrumb":{"@id":"https:\/\/viacarpatia.eu\/hu\/vyrocne-spravy\/2014-evi-jelentes\/#breadcrumb"},"inLanguage":"hu","potentialAction":[{"@type":"ReadAction","target":["https:\/\/viacarpatia.eu\/hu\/vyrocne-spravy\/2014-evi-jelentes\/"]}]},{"@type":"BreadcrumbList","@id":"https:\/\/viacarpatia.eu\/hu\/vyrocne-spravy\/2014-evi-jelentes\/#breadcrumb","itemListElement":[{"@type":"ListItem","position":1,"name":"Home","item":"https:\/\/viacarpatia.eu\/"},{"@type":"ListItem","position":2,"name":"2014. Évi jelentés"}]},{"@type":"WebSite","@id":"https:\/\/viacarpatia.eu\/#website","url":"https:\/\/viacarpatia.eu\/","name":"ViaCarpatia","description":"Spájame historické a kultúrno-jazykové tradície","alternateName":"ViaCarpatia","potentialAction":[{"@type":"SearchAction","target":{"@type":"EntryPoint","urlTemplate":"https:\/\/viacarpatia.eu\/?s={search_term_string}"},"query-input":{"@type":"PropertyValueSpecification","valueRequired":true,"valueName":"search_term_string"}}],"inLanguage":"hu"}]}</script>
<!-- / Yoast SEO plugin. -->

2014. Évi jelentés - ViaCarpatia

Spájame historické a kultúrno-jazykové tradície
